{"id":4,"date":"2008-02-14T16:02:58","date_gmt":"2008-02-14T15:02:58","guid":{"rendered":"http:\/\/www.seppotage.de\/blog\/?page_id=4"},"modified":"2008-03-07T17:43:44","modified_gmt":"2008-03-07T16:43:44","slug":"lateinamerika-2005","status":"publish","type":"page","link":"http:\/\/blog.seppotage.com\/?page_id=4","title":{"rendered":"Lateinamerika 2005"},"content":{"rendered":"<p class=\"MsoNormal\"><strong>&#8222;Basic Adventure&#8220;<\/strong> in Lateinamerika.<\/p>\n<p><o:p><\/o:p><\/p>\n<p class=\"MsoNormal\">Im Sommer 2005 bin nach Lateinamerika gereist um dort Spanisch zu lernen. Als ich erfahren habe, dass es m\u00f6glich ist ein Motorrad zu kaufen und es auf meinen Namen anzumelden, habe ich diesen 4\u00bd -monatigen Aufenthalt kurz um in einen Enduro Trip umgewandelt. Die Idee daf\u00fcr war vorher schon in meinem Kopf; nur wusste ich nicht ob man das auch so ohne weiteres umsetzen konnte.<\/p><!-- default-view.php -->\n<div\n\tclass=\"ngg-galleryoverview default-view \"\n\tid=\"ngg-gallery-1baf22975ff44c438412bd6706bb6c8f-1\">\n\n\t\t<!-- Thumbnails -->\n\t\t\t\t<div id=\"ngg-image-0\" class=\"ngg-gallery-thumbnail-box \" >\n\t\t\t\t        <div class=\"ngg-gallery-thumbnail\">\n            <a href=\"http:\/\/blog.seppotage.com\/wp-content\/gallery\/lateinamerika_i\/bild1.jpg\"\n               title=\"Route\"\n               data-src=\"http:\/\/blog.seppotage.com\/wp-content\/gallery\/lateinamerika_i\/bild1.jpg\"\n               data-thumbnail=\"http:\/\/blog.seppotage.com\/wp-content\/gallery\/lateinamerika_i\/thumbs\/thumbs_bild1.jpg\"\n               data-image-id=\"27\"\n               data-title=\"bild1.jpg\"\n               data-description=\"Route\"\n               data-image-slug=\"bild1-jpg\"\n               class=\"ngg-simplelightbox\" rel=\"1baf22975ff44c438412bd6706bb6c8f\">\n                <img\n                    title=\"bild1.jpg\"\n                    alt=\"bild1.jpg\"\n                    src=\"http:\/\/blog.seppotage.com\/wp-content\/gallery\/lateinamerika_i\/thumbs\/thumbs_bild1.jpg\"\n                    width=\"100\"\n                    height=\"75\"\n                    style=\"max-width:100%;\"\n                \/>\n            <\/a>\n        <\/div>\n\t\t\t\t\t\t\t<\/div> \n\t\t\t\n\t\t\t\t<div id=\"ngg-image-1\" class=\"ngg-gallery-thumbnail-box \" >\n\t\t\t\t        <div class=\"ngg-gallery-thumbnail\">\n            <a href=\"http:\/\/blog.seppotage.com\/wp-content\/gallery\/lateinamerika_i\/scannen0003_n.jpg\"\n               title=\"See\"\n               data-src=\"http:\/\/blog.seppotage.com\/wp-content\/gallery\/lateinamerika_i\/scannen0003_n.jpg\"\n               data-thumbnail=\"http:\/\/blog.seppotage.com\/wp-content\/gallery\/lateinamerika_i\/thumbs\/thumbs_scannen0003_n.jpg\"\n               data-image-id=\"28\"\n               data-title=\"scannen0003_n.jpg\"\n               data-description=\"See\"\n               data-image-slug=\"scannen0003_n-jpg\"\n               class=\"ngg-simplelightbox\" rel=\"1baf22975ff44c438412bd6706bb6c8f\">\n                <img\n                    title=\"scannen0003_n.jpg\"\n                    alt=\"scannen0003_n.jpg\"\n                    src=\"http:\/\/blog.seppotage.com\/wp-content\/gallery\/lateinamerika_i\/thumbs\/thumbs_scannen0003_n.jpg\"\n                    width=\"100\"\n                    height=\"75\"\n                    style=\"max-width:100%;\"\n                \/>\n            <\/a>\n        <\/div>\n\t\t\t\t\t\t\t<\/div> \n\t\t\t\n\t\t\t\t<div id=\"ngg-image-2\" class=\"ngg-gallery-thumbnail-box \" >\n\t\t\t\t        <div class=\"ngg-gallery-thumbnail\">\n            <a href=\"http:\/\/blog.seppotage.com\/wp-content\/gallery\/lateinamerika_i\/scannen0001_n.jpg\"\n               title=\"Tal\"\n               data-src=\"http:\/\/blog.seppotage.com\/wp-content\/gallery\/lateinamerika_i\/scannen0001_n.jpg\"\n               data-thumbnail=\"http:\/\/blog.seppotage.com\/wp-content\/gallery\/lateinamerika_i\/thumbs\/thumbs_scannen0001_n.jpg\"\n               data-image-id=\"29\"\n               data-title=\"scannen0001_n.jpg\"\n               data-description=\"Tal\"\n               data-image-slug=\"scannen0001_n-jpg\"\n               class=\"ngg-simplelightbox\" rel=\"1baf22975ff44c438412bd6706bb6c8f\">\n                <img\n                    title=\"scannen0001_n.jpg\"\n                    alt=\"scannen0001_n.jpg\"\n                    src=\"http:\/\/blog.seppotage.com\/wp-content\/gallery\/lateinamerika_i\/thumbs\/thumbs_scannen0001_n.jpg\"\n                    width=\"100\"\n                    height=\"75\"\n                    style=\"max-width:100%;\"\n                \/>\n            <\/a>\n        <\/div>\n\t\t\t\t\t\t\t<\/div> \n\t\t\t\n\t\n\t<br style=\"clear: both\" \/>\n\n\t\n\t\t<!-- Pagination -->\n\t<div class='ngg-clear'><\/div>\t<\/div>\n<p class=\"MsoNormal\">W\u00e4hrend des Aufenthalts in einer Sprachenschule in Guatemala, habe ich mir eine Enduro der Marke Yumbo besorgt. Yumbo??? Von dieser Marke hatte ich vorher auch noch nix geh\u00f6rt, aber das Angebot an halbwegs reisetauglichen Enduros war doch sehr gering. Wie auch immer &#8211; dass Mopped hat gehalten.<\/p>\n<p class=\"MsoNormal\">Die b\u00fcrokratischen M\u00fchlen in Guatemala mahlen nicht sonderlich schnell und so habe ich anstatt der versprochenen Woche ca. 4 Wochen auf mein Nummernschild gewartet, welches mir den Grenz\u00fcbertritt in andere L\u00e4nder erm\u00f6glichen sollte. Irgendwann gab es endlich die begehrte &#8222;Placa&#8220; und ich bin dann von Guatemala aus durch 7 L\u00e4nder Mittelamerikas bis Panama gefahren. 7000 Kilometer auf Pfaden durch Dschungel und \u00fcber Hochebenen, von denen nur ein Bruchteil geteert war.<\/p>\n<!-- default-view.php -->\n<div\n\tclass=\"ngg-galleryoverview default-view \"\n\tid=\"ngg-gallery-d3b55693aaf098d72c1632527eed710a-1\">\n\n\t\t<!-- Thumbnails -->\n\t\t\t\t<div id=\"ngg-image-0\" class=\"ngg-gallery-thumbnail-box \" >\n\t\t\t\t        <div class=\"ngg-gallery-thumbnail\">\n            <a href=\"http:\/\/blog.seppotage.com\/wp-content\/gallery\/lateinamerika_ii\/imgp0800.jpg\"\n               title=\"Hang Loose\"\n               data-src=\"http:\/\/blog.seppotage.com\/wp-content\/gallery\/lateinamerika_ii\/imgp0800.jpg\"\n               data-thumbnail=\"http:\/\/blog.seppotage.com\/wp-content\/gallery\/lateinamerika_ii\/thumbs\/thumbs_imgp0800.jpg\"\n               data-image-id=\"30\"\n               data-title=\"imgp0800.jpg\"\n               data-description=\"Hang Loose\"\n               data-image-slug=\"imgp0800-jpg\"\n               class=\"ngg-simplelightbox\" rel=\"d3b55693aaf098d72c1632527eed710a\">\n                <img\n                    title=\"imgp0800.jpg\"\n                    alt=\"imgp0800.jpg\"\n                    src=\"http:\/\/blog.seppotage.com\/wp-content\/gallery\/lateinamerika_ii\/thumbs\/thumbs_imgp0800.jpg\"\n                    width=\"100\"\n                    height=\"75\"\n                    style=\"max-width:100%;\"\n                \/>\n            <\/a>\n        <\/div>\n\t\t\t\t\t\t\t<\/div> \n\t\t\t\n\t\t\t\t<div id=\"ngg-image-1\" class=\"ngg-gallery-thumbnail-box \" >\n\t\t\t\t        <div class=\"ngg-gallery-thumbnail\">\n            <a href=\"http:\/\/blog.seppotage.com\/wp-content\/gallery\/lateinamerika_ii\/scannen0006_n.jpg\"\n               title=\"Bushaltestelle\"\n               data-src=\"http:\/\/blog.seppotage.com\/wp-content\/gallery\/lateinamerika_ii\/scannen0006_n.jpg\"\n               data-thumbnail=\"http:\/\/blog.seppotage.com\/wp-content\/gallery\/lateinamerika_ii\/thumbs\/thumbs_scannen0006_n.jpg\"\n               data-image-id=\"31\"\n               data-title=\"scannen0006_n.jpg\"\n               data-description=\"Bushaltestelle\"\n               data-image-slug=\"scannen0006_n-jpg\"\n               class=\"ngg-simplelightbox\" rel=\"d3b55693aaf098d72c1632527eed710a\">\n                <img\n                    title=\"scannen0006_n.jpg\"\n                    alt=\"scannen0006_n.jpg\"\n                    src=\"http:\/\/blog.seppotage.com\/wp-content\/gallery\/lateinamerika_ii\/thumbs\/thumbs_scannen0006_n.jpg\"\n                    width=\"100\"\n                    height=\"75\"\n                    style=\"max-width:100%;\"\n                \/>\n            <\/a>\n        <\/div>\n\t\t\t\t\t\t\t<\/div> \n\t\t\t\n\t\t\t\t<div id=\"ngg-image-2\" class=\"ngg-gallery-thumbnail-box \" >\n\t\t\t\t        <div class=\"ngg-gallery-thumbnail\">\n            <a href=\"http:\/\/blog.seppotage.com\/wp-content\/gallery\/lateinamerika_ii\/scannen0007_n.jpg\"\n               title=\"F\u00e4hre\"\n               data-src=\"http:\/\/blog.seppotage.com\/wp-content\/gallery\/lateinamerika_ii\/scannen0007_n.jpg\"\n               data-thumbnail=\"http:\/\/blog.seppotage.com\/wp-content\/gallery\/lateinamerika_ii\/thumbs\/thumbs_scannen0007_n.jpg\"\n               data-image-id=\"32\"\n               data-title=\"scannen0007_n.jpg\"\n               data-description=\"F\u00e4hre\"\n               data-image-slug=\"scannen0007_n-jpg\"\n               class=\"ngg-simplelightbox\" rel=\"d3b55693aaf098d72c1632527eed710a\">\n                <img\n                    title=\"scannen0007_n.jpg\"\n                    alt=\"scannen0007_n.jpg\"\n                    src=\"http:\/\/blog.seppotage.com\/wp-content\/gallery\/lateinamerika_ii\/thumbs\/thumbs_scannen0007_n.jpg\"\n                    width=\"100\"\n                    height=\"75\"\n                    style=\"max-width:100%;\"\n                \/>\n            <\/a>\n        <\/div>\n\t\t\t\t\t\t\t<\/div> \n\t\t\t\n\t\t\t\t<div id=\"ngg-image-3\" class=\"ngg-gallery-thumbnail-box \" >\n\t\t\t\t        <div class=\"ngg-gallery-thumbnail\">\n            <a href=\"http:\/\/blog.seppotage.com\/wp-content\/gallery\/lateinamerika_ii\/scannen0009w.jpg\"\n               title=\"Begegnungen\"\n               data-src=\"http:\/\/blog.seppotage.com\/wp-content\/gallery\/lateinamerika_ii\/scannen0009w.jpg\"\n               data-thumbnail=\"http:\/\/blog.seppotage.com\/wp-content\/gallery\/lateinamerika_ii\/thumbs\/thumbs_scannen0009w.jpg\"\n               data-image-id=\"33\"\n               data-title=\"scannen0009w.jpg\"\n               data-description=\"Begegnungen\"\n               data-image-slug=\"scannen0009w-jpg\"\n               class=\"ngg-simplelightbox\" rel=\"d3b55693aaf098d72c1632527eed710a\">\n                <img\n                    title=\"scannen0009w.jpg\"\n                    alt=\"scannen0009w.jpg\"\n                    src=\"http:\/\/blog.seppotage.com\/wp-content\/gallery\/lateinamerika_ii\/thumbs\/thumbs_scannen0009w.jpg\"\n                    width=\"100\"\n                    height=\"75\"\n                    style=\"max-width:100%;\"\n                \/>\n            <\/a>\n        <\/div>\n\t\t\t\t\t\t\t<\/div> \n\t\t\t\n\t\n\t<br style=\"clear: both\" \/>\n\n\t\n\t\t<!-- Pagination -->\n\t<div class='ngg-clear'><\/div>\t<\/div>\n<br \/>\n<span style=\"font-size: 14pt\"><o:p><\/o:p><\/span><\/p>\n<ul>\n<li><span style=\"font-family: Symbol\"><span><\/span><\/span>Die faszinierende Natur,<\/li>\n<li><span style=\"font-family: Symbol\"><span><span style=\"font-family: 'Times New Roman'; font-style: normal; font-variant: normal; font-weight: normal; font-size: 7pt; line-height: normal; font-size-adjust: none; font-stretch: normal\"><\/span><\/span><\/span>die schier endlosen M\u00f6glichkeiten, die man mit einer Enduro hat,<\/li>\n<li>die vielen kleinen und gro\u00dfen Abenteuer,<\/li>\n<li>die verschiedenen Kulturen,<\/li>\n<li>und ganz besonders die tollen Begegnungen haben in mir den Wunsch nach einem neuen \u201eBasic Adventure\u201c erweckt.<\/li>\n<\/ul>\n<p class=\"MsoNormal\">&nbsp;<\/p>\n<p class=\"MsoNormal\" align=\"center\">&nbsp;<\/p>\n<p class=\"MsoNormal\" align=\"center\"><span style=\"font-size: 14pt\">\u2192 <strong>Das n\u00e4chste Abenteuer startet bald&#8230;!!!<\/strong><\/span><\/p>\n<p class=\"MsoNormal\">&nbsp;<\/p>\n","protected":false},"excerpt":{"rendered":"<p>&#8222;Basic Adventure&#8220; in Lateinamerika. Im Sommer 2005 bin nach Lateinamerika gereist um dort Spanisch zu lernen. Als ich erfahren habe, dass es m\u00f6glich ist ein Motorrad zu kaufen und es auf meinen Namen anzumelden, habe ich diesen 4\u00bd -monatigen Aufenthalt kurz um in einen Enduro Trip umgewandelt. Die Idee daf\u00fcr war vorher schon in meinem [&hellip;]<\/p>\n","protected":false},"author":2,"featured_media":0,"parent":0,"menu_order":0,"comment_status":"open","ping_status":"open","template":"","meta":{"ngg_post_thumbnail":0},"_links":{"self":[{"href":"http:\/\/blog.seppotage.com\/index.php?rest_route=\/wp\/v2\/pages\/4"}],"collection":[{"href":"http:\/\/blog.seppotage.com\/index.php?rest_route=\/wp\/v2\/pages"}],"about":[{"href":"http:\/\/blog.seppotage.com\/index.php?rest_route=\/wp\/v2\/types\/page"}],"author":[{"embeddable":true,"href":"http:\/\/blog.seppotage.com\/index.php?rest_route=\/wp\/v2\/users\/2"}],"replies":[{"embeddable":true,"href":"http:\/\/blog.seppotage.com\/index.php?rest_route=%2Fwp%2Fv2%2Fcomments&post=4"}],"version-history":[{"count":0,"href":"http:\/\/blog.seppotage.com\/index.php?rest_route=\/wp\/v2\/pages\/4\/revisions"}],"wp:attachment":[{"href":"http:\/\/blog.seppotage.com\/index.php?rest_route=%2Fwp%2Fv2%2Fmedia&parent=4"}],"curies":[{"name":"wp","href":"https:\/\/api.w.org\/{rel}","templated":true}]}}